 - 8*k**2 - 7*k - 13. Let m be h(q). Determine j(m).
0
Let g(l) = l**2 - 2*l. Suppose 0 = 3*i - 3*x, -i - x + 6 = 4*i. Determine g(i).
-1
Let r(d) = d**3 - 6*d**2 - 13*d + 9. Let q be r(8). Let i be (22/q)/(2/9). Let b(j) = 3*j**2 - 4*j. Give b(i).
15
Let d(k) = -k + 2. Let c(a) = -2 - 1 + 129*a**3 - 130*a**3 + 2*a**2 + 4*a. Let z be c(3). Calculate d(z).
2
Suppose 3*v - 85 = -22. Let c(t) = 8*t - v + 22 - t. Determine c(-2).
-13
Let a(g) = -21*g**2 + 1 - 2*g - 3 + 25*g**2 - g**3. What is a(3)?
1
Let t(u) be the third derivative of -3*u**2 + 0 - 2/3*u**3 + 5/24*u**4 - 1/60*u**5 + 0*u. Let x(h) = -h**3 + 2*h. Let y be x(-2). Calculate t(y).
0
Let v(s) = s**2 + 7*s + 1. Let n be (-1 + 9/2)*-6. Let c = n - -15. Determine v(c).
-5
Let a(q) = -3*q**2 + 3*q - 2. Let j(l) = -l**2 - l + 8. Let p be j(0). Suppose 0 = 4*y - 0*c + 3*c - p, -4*y - 2*c + 8 = 0. Calculate a(y).
-8
Let k(p) = -p**2 + p. Let w(d) = d**3 + 4*d**2 - 6*d - 4. Let a be w(-5). Determine k(a).
0
Let k = 14 - 12. Let w(f) be the first derivative of 2*f + 2 + 2/3*f**3 - 3/2*f**2. What is w(k)?
4
Let a(l) = -3*l**2 + 3*l**2 + 6*l + 6 + 4*l**2 - 3*l**2. What is a(-6)?
6
Suppose 2*u - 2*m - 33 = 3*m, u = -4*m - 16. Let f(z) = z + z**2 - 2*z - 4*z. Give f(u).
-4
Let f(i) = -3*i**2 - i. Let n be 5/2 - (-3)/(-6). Let v = 4 - n. Suppose v*r = 6*r - 4. Give f(r).
-4
Let q(t) = -19*t + 6. Let p(u) = 10*u - 3. Let v(a) = 11*p(a) + 6*q(a). Let j = 3 + 0. Calculate v(j).
-9
Suppose 3*r = -3*s - 27, -2*r - 4*s - 32 = -14. Let q(g) = -g**2 - 9*g - 3. Give q(r).
-3
Let z(f) be the first derivative of f**3/3 + 2*f**2 + 2*f + 14. What is z(-5)?
7
Let v = -76 - -72. Let c(s) = s - 2. What is c(v)?
-6
Suppose -3*a = 3*p - 2*p - 11, 4*p = 8. Suppose -4*q + a*q - 15 = 0. Let b = 11 + q. Let d(w) = -w - 5. Determine d(b).
-1
Let h(j) be the first derivative of -j**2/2 + 5*j + 2. Let q = -1 - -5. What is h(q)?
1
Let o(z) = -2*z**3 + 16. Let m(u) = 0*u**3 + u**3 + 0*u**3 + 5 - 13. Let p(b) = -5*m(b) - 2*o(b). Give p(0).
8
Let z(r) = -4*r + 1. Let n(f) = f**3 + 19*f**2 + 2. Let i be n(-19). Calculate z(i).
-7
Suppose -2*j - 2*j + 12 = -f, f - 16 = -3*j. Let s be -7 + -3 + 0 + f. Let d(k) = 2*k - 5. Let u(x) = 6*x - 15. Let m(n) = s*u(n) + 17*d(n). Calculate m(5).
-5
Suppose 2*s = 3*s + 2. Let o be -5*1/2*s. Suppose 5*i - o - 11 = 4*r, 4*r + 2*i + 16 = 0. Let a(g) = g**3 + 4*g**2 + g + 5. Calculate a(r).
1
Let j be 2/9 + 49/63. Let k(f) = -3*f + 1. What is k(j)?
-2
Let g(i) = -11 - 3*i - 3*i + 4*i + 3*i. Give g(5).
-6
Let s(c) = -c**3 - 6*c**2 - c + 3. Let b = -15 + 9. Determine s(b).
9
Let c(b) = 0*b**2 - 3*b**2 - 1 + 8*b**2 - 3*b**2 - 3*b. Suppose -2*k - 2*k = 0. Suppose 2*f - 4*f + 6 = k. Determine c(f).
8
Let g(v) = -10 + 25 - 2*v - 25 + v. Let f be -4 - -5 - (2 - 1). Give g(f).
-10
Let o(u) = -u - 16. Let k be o(-11). Let r(d) be the third derivative of -1/120*d**6 - 5/6*d**3 + d**2 + 1/6*d**4 + 0*d + 0 - 1/15*d**5. Give r(k).
0
Suppose 2*r - 5 + 1 = -2*v, -2*v = -r - 1. Let w(n) = 6*n - 5*n - 2 + 9*n**2 + n + 1. Give w(v).
10
Suppose 12 = a + a. Let i(w) be the third derivative of 0 - 1/20*w**5 + 0*w - 1/120*w**a + 1/3*w**3 + 1/24*w**4 + w**2. What is i(-2)?
-4
Let j(w) = -w**3 + 9*w**2 - 4*w - 8. Let r = 4 + 4. Determine j(r).
24
Let q(o) be the second derivative of o**6/90 - o**5/120 - o**4/24 + o**3/2 - 3*o. Let m(s) be the second derivative of q(s). Calculate m(-1).
4
Suppose w - 4 = 0, 0 = -4*n + 4*w + w - 12. Let c(a) = -a + 1 + 2*a - a - n*a. What is c(1)?
-1
Let c(h) = -4*h**2 - 2*h - 2. Let x(o) = -9*o**2 - 5*o - 5. Let l(k) = 7*c(k) - 3*x(k). Give l(-3).
-11
Let w(q) = 2*q - 3. Let r = -20 + 6. Let p = r - -10. What is w(p)?
-11
Let x(a) = -4*a - a**3 - 10 + 7 - 2 + 4*a**2. Give x(4).
-21
Let f(x) = 42*x**2 - 5 - x**3 - 13*x**2 - 19*x**2 - 9*x + 6. Give f(9).
1
Let k(c) = 4*c**2 - c**2 + 2 - 2. Let w be k(-1). Let v(g) = -g**3 + 5*g**2 - 4*g - 1. Determine v(w).
5
Let j(b) = 3 - 4*b + 2*b + 5 + b. What is j(9)?
-1
Let g(a) be the second derivative of -a**5/20 - a**4/12 + a**3/2 - a**2 - a. Let d be 12/(-10)*(-110)/33. Let x be (-4)/3*(-6)/d. Calculate g(x).
-8
Suppose 2*v - 5 = -1. Suppose h + v = -0*h. Let z(s) = -s**2 - 3*s + 2. Calculate z(h).
4
Let p(i) = i**2 + 3*i + 3. Suppose -r + 4*f = -4, 1 = -2*f + 9. Suppose -20*a + 15*a = r. What is p(a)?
7
Let d be ((-6)/2)/((-6)/4). Let t(v) = 2*v + v - d*v. Let r = 126 - 131. Calculate t(r).
-5
Suppose -2*q = 3*d - 13, 32 - 12 = 4*q + 4*d. Let h(z) = -q*z - 5 + 8 - 2 + 0. Calculate h(3).
-5
Suppose 0*m = -2*m - 10. Let k(o) be the first derivative of o**5/60 + 5*o**4/24 - o**3 - o**2/2 - 2. Let g(t) be the second derivative of k(t). Give g(m).
-6
Let b(q) = 0 + 6*q - 2 + 4. Determine b(2).
14
Let j = -128 + 131. Let s(o) = -o - 4. Give s(j).
-7
Let y(c) be the second derivative of 5*c**4/12 - c**3/6 - c**2/2 + 14*c. Calculate y(-1).
5
Let y(r) = 5*r + 1. Let w(g) = -6*g - 1. Let h(j) = 6*w(j) + 7*y(j). Let n = -8 - -13. Determine h(n).
-4
Let f(k) be the second derivative of -1/6*k**4 + 5*k - 2/3*k**3 - k**2 + 0. Calculate f(-3).
-8
Let t(f) = 0 + 7*f - 2*f - 4*f - 4. Determine t(-3).
-7
Suppose 23 = -4*d - 1. Let z(u) = -2*u - 7. What is z(d)?
5
Let q(p) = -p**3 - 6*p**2 - 4*p - 33. Let y(t) = -t**3 - 8*t**2 - 5*t - 34. Let l(h) = -4*q(h) + 3*y(h). Determine l(0).
30
Suppose -18*l + 17*l = 0. Let w(j) be the first derivative of -1 + l*j - 3/2*j**2. Give w(2).
-6
Let t(m) = m**2 + 5*m + 6. Let g(x) = -5 - 42*x - x**2 + 43*x + 1. Let v be g(0). Calculate t(v).
2
Let k = -8 + 2. Let l(a) = a**3 + 6*a**2 + a + 2. Give l(k).
-4
Let s(b) be the first derivative of b**5/60 - b**4/24 + b**3/2 - 3*b**2/2 + 1. Let j(h) be the second derivative of s(h). Determine j(0).
3
Let u(w) = w**2 + 4*w - 1. Let p be u(-5). Let j be -2*2/p + 3. Let c(o) = 0*o**3 + o**3 - 2*o**2 - 2 + 1. Give c(j).
-1
Let b(j) = -j + 1. Let u(k) = -k + 1. Let d(q) = -4*b(q) + 5*u(q). What is d(0)?
1
Let v(b) = b**3 - 3*b**2 - 2*b + 3. Let u be v(2). Let o(x) = 3 + 1 - 4 - x - 7. Let d(q) = -2*q - 8. Let m(t) = u*o(t) + 4*d(t). Calculate m(5).
-12
Let s(t) = -4*t + 2. Let r be s(2). Let l(a) = -a**2 - 9*a - 6. Calculate l(r).
12
Let x = 3 - 3. Let i = 0 - x. Let p(d) = d**2 + d - 1. Let b(l) = 2*l**2 + 3*l - 2. Let q(m) = -b(m) + 3*p(m). Give q(i).
-1
Let h be 1/((-3)/12*-2). Let t(c) = c**2 - 3*c - 2. Let k be t(h). Let m(z) = z + 1. Let w be m(k). Let d(b) = b**3 + 2*b**2 - 4*b - 4. Give d(w).
-1
Let i(n) = -n**2 - 4*n + 1. Let m be (4/4)/(1/3). Let x(l) = -l - 2. Let j be x(m). Calculate i(j).
-4
Let o(p) = -p**3 + 6*p**2 + 2. Let k be o(6). Suppose -2*j - 2*j - 16 = -k*s, -3*j = -s + 10. Let v(b) = b**3 - 5*b**2 + 5*b + 1. Determine v(s).
5
Let c(o) = o**2 - 5*o. Let a be (-1 - -4) + (15 - 5). Suppose -1 + a = 4*u. Give c(u).
-6
Let x = -6 + 12. Let v(u) = 8*u - u**2 + x*u - 7*u. Determine v(6).
6
Let v(x) = -x**3 - 12*x**2 - 13*x - 15. Suppose 3*j + 1 = h - 3, -4*j - 75 = 5*h. What is v(h)?
7
Let v(g) be the first derivative of g**2/2 + 2*g + 10. Give v(2).
4
Let z = -21 - -22. Let r(x) = 5*x + 1. Determine r(z).
6
Let q(v) = -6*v + 11*v + 2*v + 10 - 6*v. Determine q(-9).
1
Suppose 0 = 2*p + 3*p + 55. Let g = -12 - p. Let f(t) = -6*t**2. Determine f(g).
-6
Let g(b) = 3*b**2 + 2*b**2 - 6*b**2 + 2 + 6*b + 2*b**2. What is g(-4)?
-6
Let t(j) = -j**2 - 7*j + 10. Let p be t(-8). Let a(o) = o**3 - 3*o**2 - o. Calculate a(p).
-6
Let g(d) = d**2 + 12*d + 6. Let f be g(-10). Let k be f/21*(-30)/4. Let j(v) = -v**3 + 4*v**2 + 8*v - 7. What is j(k)?
8
Let l(b) = b + 7. Let y(a) = a + 4. Let g(c) = 5*c + 19. Let s(r) = -2*g(r) + 11*y(r). Let k(j) = -4*l(j) + 5*s(j). Calculate k(-6).
-4
Let d(t) = -t**3 + 19*t - 2 - t**2 - t**2 - 15*t. What is d(2)?
-10
Let z(k) = -3*k**2 + 1. Let q(m) = m**2 + 13*m - 15. Let f be q(-14). Calculate z(f).
-2
Let h(k) be the second derivative of 1/12*k**4 + 3/2*k**2 + 1/2*k**3 + 0 - 2*k. Give h(-2).
1
Let k = 6 - 4. Suppose 2*h = 4*h - 2*l + 14, 10 = -k*h + l. Let w(g) be the first derivative of -3*g**2/2 - 3*g + 1. Give w(h).
6
Suppose -2*s - 2*s = 0. Let u be 3 - (s - -1) - -3. Let q(d) = -d**3 + 4*d**2 + 6*d - 4. Determine q(u).
1
Let k(a) be the first derivative of -1 + 0*a - 1/4*a**4 + 4/3*a**3 + a**2. Calculate k(4).
8
Let a = 29 + -32. Suppose 2*u - 